608 is divided by 47.
44
Calculate the remainder when 169 is divided by 45.
34
Calculate the remainder when 280 is divided by 41.
34
Calculate the remainder when 369 is divided by 2.
1
What is the remainder when 69 is divided by 30?
9
What is the remainder when 225 is divided by 21?
15
Calculate the remainder when 977 is divided by 202.
169
Calculate the remainder when 858 is divided by 286.
0
What is the remainder when 104 is divided by 53?
51
What is the remainder when 1257 is divided by 74?
73
What is the remainder when 418 is divided by 43?
31
Calculate the remainder when 15255 is divided by 109.
104
What is the remainder when 4893 is divided by 32?
29
What is the remainder when 599 is divided by 150?
149
Calculate the remainder when 44519 is divided by 42.
41
What is the remainder when 251 is divided by 236?
15
Calculate the remainder when 4535 is divided by 72.
71
Calculate the remainder when 599 is divided by 43.
40
What is the remainder when 24972 is divided by 27?
24
What is the remainder when 49 is divided by 17?
15
Calculate the remainder when 41 is divided by 28.
13
What is the remainder when 202 is divided by 6?
4
What is the remainder when 40 is divided by 32?
8
What is the remainder when 1720 is divided by 41?
39
What is the remainder when 133 is divided by 51?
31
What is the remainder when 152 is divided by 9?
8
What is the remainder when 949 is divided by 56?
53
Calculate the remainder when 380 is divided by 77.
72
What is the remainder when 328 is divided by 22?
20
What is the remainder when 8325 is divided by 11?
9
What is the remainder when 117 is divided by 37?
6
What is the remainder when 299 is divided by 41?
12
What is the remainder when 5053 is divided by 158?
155
Calculate the remainder when 2335 is divided by 73.
72
Calculate the remainder when 13965 is divided by 110.
105
What is the remainder when 1516 is divided by 31?
28
Calculate the remainder when 313 is divided by 4.
1
Calculate the remainder when 321 is divided by 27.
24
Calculate the remainder when 193 is divided by 4.
1
What is the remainder when 255 is divided by 116?
23
What is the remainder when 4299 is divided by 9?
6
What is the remainder when 592 is divided by 33?
31
Calculate the remainder when 422 is divided by 24.
14
What is the remainder when 209 is divided by 21?
20
Calculate the remainder when 151 is divided by 66.
19
Calculate the remainder when 135 is divided by 19.
2
What is the remainder when 137 is divided by 62?
13
What is the remainder when 21389 is divided by 69?
68
Calculate the remainder when 560 is divided by 183.
11
What is the remainder when 913 is divided by 183?
181
Calculate the remainder when 180 is divided by 27.
18
Calculate the remainder when 196 is divided by 23.
12
What is the remainder when 47 is divided by 17?
13
What is the remainder when 121 is divided by 41?
39
Calculate the remainder when 2490 is divided by 829.
3
What is the remainder when 1725 is divided by 57?
15
What is the remainder when 559 is divided by 40?
39
What is the remainder when 3557 is divided by 20?
17
Calculate the remainder when 2755 is divided by 212.
211
Calculate the remainder when 582 is divided by 15.
12
What is the remainder when 8733 is divided by 156?
153
Calculate the remainder when 211 is divided by 27.
22
Calculate the remainder when 282 is divided by 57.
54
What is the remainder when 185 is divided by 63?
59
What is the remainder when 678 is divided by 10?
8
What is the remainder when 103 is divided by 55?
48
What is the remainder when 157 is divided by 7?
3
Calculate the remainder when 37 is divided by 10.
7
Calculate the remainder when 401 is divided by 18.
5
Calculate the remainder when 677 is divided by 221.
14
What is the remainder when 115 is divided by 44?
27
What is the remainder when 895 is divided by 36?
31
Calculate the remainder when 174 is divided by 61.
52
What is the remainder when 22 is divided by 16?
6
Calculate the remainder when 154 is divided by 13.
11
Calculate the remainder when 10545 is divided by 199.
197
What is the remainder when 1615 is divided by 24?
7
What is the remainder when 64 is divided by 6?
4
Calculate the remainder when 126 is divided by 59.
8
Calculate the remainder when 611 is divided by 17.
16
Calculate the remainder when 73 is divided by 27.
19
What is the remainder when 323 is divided by 13?
11
Calculate the remainder when 403 is divided by 35.
18
What is the remainder when 883 is divided by 293?
4
Calculate the remainder when 243 is divided by 111.
21
Calculate the remainder when 1214 is divided by 76.
74
What is the remainder when 108 is divided by 54?
0
What is the remainder when 643 is divided by 46?
45
What is the remainder when 2224 is divided by 25?
24
Calculate the remainder when 499 is divided by 32.
19
What is the remainder when 214 is divided by 24?
22
What is the remainder when 1449 is divided by 44?
41
What is the remainder when 748 is divided by 49?
13
What is the remainder when 2994 is divided by 214?
212
Calculate the remainder when 178 is divided by 46.
40
Calculate the remainder when 94 is divided by 36.
22
Calculate the remainder when 923 is divided by 31.
24
What is the remainder when 101 is divided by 3?
2
Calculate the remainder when 246 is divided by 37.
24
What is the remainder when 86 is divided by 44?
42
Calculate the remainder when 553 is divided by 113.
101
What is the remainder when 2831 is divided by 16?
15
What is the remainder when 992 is divided by 487?
18
Calculate the remainder when 1146 is divided by 363.
57
What is the remainder when 176 is divided by 39?
20
What is the remainder when 6121 is divided by 873?
10
Calculate the remainder when 102 is divided by 32.
6
Calculate the remainder when 1538 is divided by 14.
12
Calculate the remainder when 466 is divided by 231.
4
Calculate the remainder when 61 is divided by 16.
13
Calculate the remainder when 629 is divided by 152.
21
What is the remainder when 572 is divided by 53?
42
Calculate the remainder when 5128 is divided by 20.
8
Calculate the remainder when 3231 is divided by 6.
3
What is the remainder when 156 is divided by 32?
28
Calculate the remainder when 722 is divided by 179.
6
What is the remainder when 267 is divided by 82?
21
What is the remainder when 724 is divided by 13?
9
What is the remainder when 998 is divided by 331?
5
Calculate the remainder when 1467 is divided by 44.
15
Calculate the remainder when 320 is divided by 170.
150
What is the remainder when 5467 is divided by 26?
7
What is the remainder when 2076 is divided by 517?
8
Calculate the remainder when 1863 is divided by 34.
27
Calculate the remainder when 1004 is divided by 58.
18
Calculate the remainder when 99 is divided by 40.
19
What is the remainder when 98 is divided by 94?
4
Calculate the remainder when 163 is divided by 62.
39
Calculate the remainder when 150 is divided by 31.
26
What is the remainder when 969 is divided by 52?
33
Calculate the remainder when 923 is divided by 904.
19
Calculate the remainder when 320 is divided by 19.
16
Calculate the remainder when 1775 is divided by 575.
50
What is the remainder when 225 is divided by 71?
12
Calculate the remainder when 351 is divided by 65.
26
Calculate the remainder when 77 is divided by 24.
5
What is the remainder when 26 is divided by 15?
11
What is the remainder when 324 is divided by 41?
37
Calculate the remainder when 1491 is divided by 65.
61
Calculate the remainder when 109 is divided by 16.
13
Calculate the remainder when 182 is divided by 33.
17
What is the remainder when 432 is divided by 141?
9
Calculate the remainder when 146 is divided by 47.
5
Calculate the remainder when 150 is divided by 57.
36
Calculate the remainder when 21203 is divided by 12.
11
What is the remainder when 3519 is divided by 16?
15
Calculate the remainder when 3872 is divided by 38.
34
What is the remainder when 117 is divided by 80?
37
Calculate the remainder when 229 is divided by 18.
13
What is the remainder when 1889 is divided by 40?
9
What is the remainder when 700 is divided by 4?
0
Calculate the remainder when 27 is divided by 4.
3
What is the remainder when 829 is divided by 71?
48
Calculate the remainder when 3649 is divided by 608.
1
Calculate the remainder when 327 is d